 5.
-10330421
-32139 (base 10) to base 12
-16723
Convert -b08299 (base 13) to base 10.
-4102263
What is 11212221200012 (base 3) in base 6?
131400005
Convert 1148427 (base 9) to base 2.
10011000000101000011
Convert -12629387 (base 10) to base 7.
-212230241
What is -20732 (base 13) in base 16?
-e3ea
Convert 2333404 (base 7) to base 6.
10145451
What is 75aa (base 15) in base 8?
60516
Convert -282284 (base 12) to base 11.
-416474
-133121002 (base 4) to base 7
-1043602
Convert 101220110111 (base 3) to base 12.
a4287
Convert 105243121 (base 6) to base 10.
1934329
-1557667 (base 8) to base 10
-450487
-6210602 (base 7) to base 14
-1546a9
What is -565156 (base 11) in base 14?
-195d74
21ba73 (base 12) to base 4
2003210313
What is 197346 (base 10) in base 14?
51cc2
-974 (base 15) to base 8
-4126
Convert -101134000 (base 5) to base 16.
-64866
-3322230113 (base 4) to base 16
-fab17
222120212 (base 3) to base 4
10232312
Convert -11150406 (base 7) to base 5.
-222021311
22202021210 (base 3) to base 2
101010000011011110
What is -201220120112121 (base 3) in base 5?
-10202043400
What is -613877 (base 9) in base 5?
-43120020
Convert 25ed2 (base 15) to base 12.
5a368
Convert -283369 (base 12) to base 15.
-d3469
What is -20d0d9c (base 14) in base 3?
-1002021120220111
Convert -112325 (base 8) to base 11.
-26698
Convert -376425 (base 10) to base 5.
-44021200
Convert 63512 (base 8) to base 3.
1100021100
What is -453473 (base 10) in base 13?
-12b537
Convert 112202220 (base 3) to base 5.
321040
Convert 22561015 (base 7) to base 6.
110244044
What is -324938 (base 13) in base 3?
-2020000111222
-30a8aa1 (base 13) to base 2
-111000011001101110011010
-148a97 (base 13) to base 10
-504927
What is -4635 (base 13) in base 14?
-3834
What is -218d3 (base 16) in base 14?
-38123
What is -1d0dc (base 15) in base 8?
-270763
-211150013 (base 6) to base 13
-9c7203
What is -3c2c26 (base 13) in base 8?
-5451431
What is 11514204 (base 6) in base 3?
200200101211
What is -832c9 (base 13) in base 14?
-61bd4
12115013 (base 6) to base 13
105690
Convert -50bf5 (base 16) to base 8.
-1205765
-29a1008 (base 13) to base 15
-1275ad0
What is 180519 (base 12) in base 11?
264162
What is -14021525 (base 6) in base 8?
-1625075
Convert 2687021 (base 9) to base 5.
334143121
Convert -a7a94 (base 12) to base 11.
-141057
What is 1011200022012 (base 3) in base 5?
124423031
What is -24973 (base 13) in base 9?
-112557
What is -567385 (base 9) in base 15?
-6ab3e
Convert -4b710 (base 12) to base 2.
-11001001000111100
Convert -161bd (base 15) to base 8.
-213156
What is -107558 (base 12) in base 11?
-1696a4
-214353 (base 7) to base 11
-26257
Convert 1000110001101010100011 (base 2) to base 6.
121150455
Convert 508aa (base 13) to base 12.
6b609
What is -244153 (base 9) in base 7?
-1152462
Convert 2356665 (base 9) to base 14.
253921
-1010011110111101110001 (base 2) to base 7
-32234313
Convert -712032 (base 8) to base 7.
-1664511
-2acd0 (base 14) to base 10
-106806
What is 800b4b (base 13) in base 3?
12121000011221
What is -300111012203 (base 4) in base 9?
-25750062
What is -383787 (base 10) in base 8?
-1355453
What is -493387 (base 13) in base 15?
-24853a
Convert -241243 (base 12) to base 8.
-2162023
-10100011101010100 (base 2) to base 6
-1443540
What is 10010000010000111100001 (base 2) in base 13?
c968ca
What is -23635142 (base 7) in base 9?
-3865172
-10220312020 (base 5) to base 10
-10713385
43d6a (base 14) to base 3
22100201000
What is 412054 (base 12) in base 4?
3320323000
-4013475 (base 8) to base 6
-34334021
What is 2535361 (base 8) in base 7?
5656124
100111100001101011 (base 2) to base 13
588ca
Convert -1b14a5 (base 15) to base 5.
-314230210
451102 (base 7) to base 2
10011011100001011
What is -16453633 (base 7) in base 12?
-657881
1110002020002 (base 3) to base 14
1604b1
What is -248299 (base 13) in base 2?
-11010101100101110110
Convert -111000000111011 (base 2) to base 6.
-341003
-4a551c (base 13) to base 6
-102112541
What is -20a701 (base 11) in base 15?
-69975
What is 154c6 (base 13) in base 2?
1001110111000000
Convert 133342432 (base 5) to base 13.
1ac505
1d600 (base 15) to base 14
26d06
Convert -16473 (base 10) to base 7.
-66012
What is 102434033 (base 5) in base 12?
190914
Convert 12212001210 (base 4) to base 14.
32dd64
Convert 1261887 (base 9) to base 12.
293621
What is -70789 (base 13) in base 5?
-22414343
-962260 (base 11) to base 8
-5700263
What is -1433221033 (base 5) in base 15?
-5023e8
What is -cb139 (base 15) in base 10?
-644904
-3919725 (base 12) to base 4
-222312313031
What is 163142255 (base 7) in base 10?
11086241
Convert 10101201102 (base 3) to base 12.
3283b
Convert -33283 (base 12) to base 2.
-10000100011000011
Convert -125140 (base 8) to base 14.
-11c76
Convert 875968 (base 11) to base 3.
2122001200012
-1023411244 (base 5) to base 14
-406938
What is -17415222 (base 8) in base 13?
-ac6707
What is -1480316 (base 9) in base 13?
-229545
Convert 182423 (base 9) to base 11.
78177
What is 2313221300 (base 4) in base 8?
2675160
-110101100100000100101 (base 2) to base 6
-101341445
3b46e8 (base 15) to base 5
1212200233
What is -15211543 (base 6) in base 14?
-db47d
What is -1304508 (base 9) in base 5?
-140240132
What is -1011233311 (base 4) in base 3?
-112111212221
What is 3031b (base 14) in base 10?
115861
What is 73028 (base 10) in base 15?
16988
Convert 1771b88 (base 12) to base 5.
2222021001
What is -4c30e (base 16) in base 11?
-1a3518
Convert 4006532 (base 7) to base 11.
2a334a
Convert 48047a0 (base 12) to base 3.
222020100200210
Convert 23356b (base 13) to base 16.
cc0d2
-1227c (base 13) to base 8
-101164
What is 302301333200 (base 4) in base 5?
11401440333
Convert -32948 (base 16) to base 14.
-55704
Convert 31c42a (base 13) to base 11.
729747
-261377 (base 8) to base 2
-10110001011111111
Convert 175335 (base 8) to base 2.
1111101011011101
10501003 (base 6) to base 11
1a8772
What is 45a268 (base 11) in base 2?
10110010011110011011
Convert 10110010110111100111 (base 2) to base 16.
b2de7
Convert -254080 (base 15) to base 9.
-3321213
Convert 407385 (base 9) to base 15.
4b8ce
Convert -14440223 (base 5) to base 4.
-212000220
Convert 4494a8 (base 16) to base 8.
21112250
Convert -122a65 (base 15) to base 3.
-1122012000212
-78846 (base 12) to base 16
-271b6
What is -29894c (base 14) in base 13?
-3b7a45
Convert -155c6 (base 16) to base 8.
-252706
19e73 (base 15) to base 11
58339
What is -10000110010001000011 (base 2) in base 3?
-1000221101201
What is -15263621 (base 7) in base 6?
-51152322
What is 10103230314 (base 5) in base 16?
9bd006
10413033 (base 5) to base 12
4504b
What is 6a771a (base 12) in base 14?
328634
Convert -1030033 (base 5) to base 14.
-6554
What is 26a3781 (base 11) in base 14?
89475d
Convert 3d00b1 (base 14) to base 9.
3870476
b6cd3 (base 14) to base 5
103112302
What is 3465537 (base 8) in base 15?
139ee6
4341434 (base 5) to base 9
123320
What is 7dbb32 (base 14) in base 16?
418f70
75214b (base 16) to base 7
122150460
What is 536553 (base 7) in base 14?
26163
Convert 1439534 (base 10) to base 6.
50504302
Convert -1d56ea (base 15) to base 14.
-295437
Convert 202211002120 (base 3) to base 4.
1210002213
-18405aa (base 11) to base 16
-2f989a
130464 (base 9) to base 3
11000112011
Convert -18c042 (base 16) to base 3.
-10001102002010
What is -10404410 (base 5) in base 3?
-11122010220
Convert -122030004 (base 5) to base 13.
-173cc9
211eaa (base 15) to base 2
110000000110001111100
What is -56ad93 (base 15) in base 11?
-2376578
-5d3a (base 14) to base 4
-3333000
Convert 1c1561 (base 13) to base 11.
44a891
Convert -668811 (base 9) to base 7.
-3254422
What is 1681329 (base 11) in base 16?
2b9710
Convert 2271778 (base 10) to base 5.
1040144103
Convert -84507 (base 11) to base 5.
-12414224
Convert 139013 (base 16) to base 2.
100111001000000010011
Convert 1000102212101 (base 3) to base 9.
1012771
What is a121b8 (base 13) in base 8?
16224635
-1141320002 (base 5) to base 15
-37ec37
Convert -1e9aa (base 15) to base 8.
-303334
What is -1958a69 (base 11) in base 14?
-620c22
Convert -7749431 (base 10) to base 13.
-17b4381
Convert -50061163 (base 7) to base 8.
-17607316
What is 12320424 (base 5) in base 10?
120114
Convert 144577 (base 9) to base 11.
606a2
What is -13323313 (base 6) in base 4?
-1231001331